se 13, what is -7549420 + 2?
-754941b
In base 8, what is 22527 - -2543?
25272
In base 10, what is -11 - -628181?
628170
In base 14, what is ab2c + -d1?
aa3b
In base 8, what is -10141267 - -32?
-10141235
In base 15, what is 6ca77dd - 2?
6ca77db
In base 16, what is 3fc7 - 5d5?
39f2
In base 8, what is 3345 - -1736766?
1742333
In base 3, what is -200102212100112 - 0?
-200102212100112
In base 14, what is -2cc1 - 375?
-3256
In base 7, what is -4340112 + 5?
-4340104
In base 5, what is 11011043112 + -3?
11011043104
In base 6, what is -24425054 + -2?
-24425100
In base 3, what is -11 + -11210011102110?
-11210011102121
In base 13, what is 1016a30 - 8?
1016a25
In base 9, what is -7 + -33053236?
-33053244
In base 8, what is 120 - -3420121?
3420241
In base 4, what is -3000301102113 + 11?
-3000301102102
In base 16, what is 3 - 23e5701?
-23e56fe
In base 9, what is -308423380 - 3?
-308423383
In base 3, what is 11011102011220 + 102022?
11011102121012
In base 7, what is -2 - -32236410?
32236405
In base 14, what is -172 + 22c2d?
22a9b
In base 7, what is -42555 + 21536?
-21016
In base 10, what is 370434 - -45?
370479
In base 3, what is -100110012121 - -10112100?
-100022200021
In base 3, what is 101020111 + 1211212100?
2020002211
In base 4, what is 11 + -101112002322313?
-101112002322302
In base 7, what is -34 - -1043562?
1043525
In base 15, what is 12ba - -516?
17d1
In base 6, what is 4554025 + -40?
4553545
In base 3, what is -1212101011200 + 2021?
-1212101002102
In base 13, what is -1a687b1 - -1?
-1a687b0
In base 8, what is -36633225 + 11?
-36633214
In base 4, what is -22020231301223 + -12?
-22020231301301
In base 6, what is -2150401455 - -1?
-2150401454
In base 14, what is -40aaac7 - 2?
-40aaac9
In base 13, what is -4961596b + 4?
-49615967
In base 3, what is 110122120220111 + -10?
110122120220101
In base 5, what is -103312 + 1441301?
1332434
In base 14, what is -ba56628 + 0?
-ba56628
In base 4, what is 32203320211 + 2000?
32203322211
In base 9, what is 46211301 + 2?
46211303
In base 8, what is -1170 - -7433226?
7432036
In base 10, what is 6 + 1807258?
1807264
In base 6, what is -220 + 115410024?
115405404
In base 7, what is -142066 - 161?
-142260
In base 2, what is 11000 + -1000010110000111110000011?
-1000010110000111101101011
In base 16, what is -1ae2 + 7b?
-1a67
In base 13, what is -96a + -74bb?
-8158
In base 7, what is 10125360 - -231?
10125621
In base 12, what is -7022 + -b8?
-711a
In base 4, what is -220232132011 + 100?
-220232131311
In base 2, what is 1100101001 + 1000011110011111?
1000101011001000
In base 12, what is -9 - -33013?
33006
In base 14, what is -302846 - -3?
-302843
In base 4, what is -110200 - 1013211002?
-1013321202
In base 16, what is 31 - 1cf05?
-1ced4
In base 12, what is -18 - -417388?
417370
In base 15, what is -60e1 - 661b?
-c70c
In base 8, what is 7163602 + 0?
7163602
In base 10, what is -6 - 8955291?
-8955297
In base 14, what is -6 - -2936b?
29365
In base 6, what is 1 - 55455411053?
-55455411052
In base 7, what is -42665523 + -20?
-42665543
In base 4, what is 120020101002 - -102?
120020101110
In base 12, what is 818 - -428a?
4aa6
In base 10, what is 4 - -348898289?
348898293
In base 12, what is -1 + 1059916?
1059915
In base 14, what is -3d670 - -76?
-3d5d8
In base 5, what is -10 + -1132113011?
-1132113021
In base 14, what is a47a5 - -890?
a5255
In base 14, what is ad9 - 4093?
-3398
In base 14, what is 4 + 25cc7557?
25cc755b
In base 4, what is 12202 - 311112?
-232310
In base 11, what is 257a8 - 107?
256a1
In base 7, what is -3 - -2504534003?
2504534000
In base 12, what is a186 + -2972?
7414
In base 2, what is -1100111011011110110101100100 + 11?
-1100111011011110110101100001
In base 13, what is -2c853b99 + 0?
-2c853b99
In base 2, what is 1010010100011011111001111101 - 11?
1010010100011011111001111010
In base 11, what is 4 + 298a871?
298a875
In base 16, what is -19e - -2bdc?
2a3e
In base 9, what is 47723 + 46?
47770
In base 2, what is 10111100001011101 - -1110100100110?
11001010110000011
In base 7, what is -35 + -12101662?
-12102030
In base 15, what is 3aad2 - 4a1?
3a631
In base 13, what is -120 + 676a6?
67586
In base 3, what is 2212111 + 1220111001?
2000100112
In base 10, what is 5 - -7892237?
7892242
In base 13, what is 83ba53 + 1c5?
83bc48
In base 5, what is 2223 - -41023?
43301
In base 12, what is b9ba + 291?
1008b
In base 15, what is 28 - 68c5?
-689c
In base 12, what is -61 + -159727?
-159788
In base 10, what is -1 + -5488711?
-5488712
In base 14, what is -318bd350 - -5?
-318bd349
In base 9, what is 354 - 1040056?
-1038602
In base 4, what is 12 - 11232312321?
-11232312303
In base 3, what is 102221201010001 + -21?
102221201002210
In base 10, what is -629664 - -90?
-629574
In base 4, what is 10 + 10031300213?
10031300223
In base 3, what is -101001220122 - -12?
-101001220110
In base 4, what is -3321230211 + -32113?
-3321322330
In base 3, what is -212000112120 + 220?
-212000111200
In base 14, what is 128820 - 38?
1287c6
In base 3, what is -11112 + -22222102100?
-22222120212
In base 9, what is 30 + -1831488?
-1831458
In base 8, what is -30 + -2210572?
-2210622
In base 3, what is 112112 + -110120210?
-110001021
In base 15, what is -b85bdc - -1?
-b85bdb
In base 3, what is 10002 + -110101221?
-110021212
In base 5, what is 20031 + 2000?
22031
In base 7, what is -30 - -5033602?
5033542
In base 4, what is -3112131 - 3113310?
-12232101
In base 3, what is -110201120012111220 + 10?
-110201120012111210
In base 15, what is -4ae44 + -1b0?
-4b104
In base 7, what is 546523 - 336?
546154
In base 5, what is 4330223 + 101?
4330324
In base 8, what is -3104 - 12401?
-15505
In base 3, what is 1 - -12010210010211211?
12010210010211212
In base 12, what is 10b60 - 26?
10b36
In base 3, what is 0 - 22002021101000?
-22002021101000
In base 4, what is -10 - -1233310331?
1233310321
In base 14, what is -15b05c + 1c?
-15b040
In base 11, what is 5 + -1580331?
-1580327
In base 14, what is 44c8 - 120?
43a8
In base 15, what is 99 + -235d4?
-2353a
In base 2, what is 1001111011010001 + 1111001?
1001111101001010
In base 4, what is -130301330 + 223?
-130301101
In base 9, what is -733856 - -2255?
-731601
In base 14, what is -1a40630 + -2?
-1a40632
In base 5, what is 2 - 32112024122?
-32112024120
In base 13, what is -7bb6 + -844b?
-13334
In base 16, what is 125 + a074?
a199
In base 5, what is -4 - -2033003310?
2033003301
In base 2, what is -1110010101111000101001101 + 10?
-1110010101111000101001011
In base 5, what is -20310102 - 13210?
-20323312
In base 8, what is 4405 + 324611?
331216
In base 15, what is e + -6794d?
-6793e
In base 7, what is -3451304 + 354?
-3450620
In base 14, what is a00c + dc0?
adcc
In base 12, what is 32 + -9578a?
-95758
In base 9, what is -4378512 + -11?
-4378523
In base 7, what is -1 - 4601121100?
-4601121101
In base 4, what is 103312 + -221002?
-111030
In base 10, what is 7448 + 6326?
13774
In base 6, what is 12250501230 - -4?
12250501234
In base 2, what is -101101000110111111011 - -10111?
-101101000110111100100
In base 5, what is 10341042 + 12011?
10403103
In base 13, what is 8 - -b630?
b638
In base 5, what is -423 - 30403044?
-30404022
In base 12, what is -127506a7 + 0?
-127506a7
In base 16, what is -2 + 28eb617?
28eb615
In base 7, what is -35126 + 6256?
-25540
In base 5, what is 4432143 + 22042?
10004240
In base 11, what is -475080 + -4?
-475084
In base 12, what is 2512731 - 8?
2512725
In base 2, what is -1110011 - 100001001000001000?
-100001001001111011
In base 10, what is -2900439 + 0?
-2900439
In base 12, what is 222 + 82ab?
8511
In base 8, what is 3254 - -52345?
55621
In base 5, what is -102 + -13032104032?
-13032104134
In base 9, what is -11681 + 128?
-11552
In base 8, what is -27 + 646252?
646223
In base 4, what is -22112 + -1220020?
-1302132
In base 9, what is -55164 + -110?
-55274
In base 6, what is 1122 + -2025421?
-2024255
In base 9, what is 507 + -24885?
-24377
In base 11, what is -5 - 404760?
-404765
In base 16, what is 57ee + -c4?
572a
In base 10, what is -2103 - 3139?
-5242
In base 14, what is 2ab - 994?
-6c7
In base 11, what is -62 - 1535a58?
-153600a
In base 7, what is -4 - 53145132?
-53145136
In base 6, what is 13 - 5011353221?
-5011353204
In base 4, what is -11 - -32203213001?
32203212330
In base 5, what is -3 + -22244011?
-2224